 the greatest common divisor of 407 and 55?
11
What is the highest common divisor of 13032 and 72?
72
Calculate the greatest common divisor of 195 and 2820.
15
Calculate the greatest common divisor of 5658 and 92.
46
Calculate the greatest common divisor of 1659 and 158.
79
What is the greatest common factor of 1179 and 18?
9
What is the greatest common divisor of 44 and 55?
11
Calculate the greatest common divisor of 1216 and 64.
64
What is the highest common factor of 39 and 1014?
39
Calculate the greatest common factor of 102 and 3.
3
What is the greatest common factor of 23394 and 42?
42
Calculate the highest common divisor of 3 and 18075.
3
What is the highest common factor of 1457 and 47?
47
What is the greatest common divisor of 61 and 2501?
61
Calculate the highest common divisor of 1221 and 333.
111
Calculate the greatest common divisor of 900 and 400.
100
Calculate the highest common factor of 194 and 4.
2
What is the highest common divisor of 14 and 112?
14
What is the highest common divisor of 204 and 16?
4
Calculate the highest common factor of 4979 and 13.
13
Calculate the highest common divisor of 17 and 221.
17
Calculate the greatest common factor of 651 and 2352.
21
Calculate the greatest common factor of 9 and 22293.
9
Calculate the highest common factor of 6 and 93.
3
Calculate the highest common divisor of 48 and 60.
12
What is the highest common factor of 1025 and 41?
41
What is the greatest common divisor of 12204 and 396?
36
What is the greatest common divisor of 592 and 16?
16
What is the highest common factor of 6751 and 43?
43
Calculate the greatest common factor of 14726 and 74.
74
What is the greatest common factor of 5646 and 6?
6
Calculate the greatest common factor of 130 and 2190.
10
What is the greatest common divisor of 35 and 55?
5
Calculate the greatest common factor of 33 and 209.
11
Calculate the greatest common divisor of 4248 and 177.
177
What is the highest common divisor of 7 and 2226?
7
What is the highest common factor of 18 and 696?
6
Calculate the highest common divisor of 1600 and 64.
64
What is the highest common factor of 1520 and 368?
16
Calculate the highest common divisor of 20 and 110.
10
What is the greatest common factor of 64 and 1352?
8
What is the highest common divisor of 41541 and 183?
183
What is the greatest common factor of 31 and 341?
31
Calculate the highest common divisor of 288 and 468.
36
What is the greatest common divisor of 1562 and 22?
22
Calculate the highest common divisor of 600 and 24.
24
What is the highest common divisor of 40 and 34040?
40
Calculate the highest common factor of 2360 and 118.
118
Calculate the greatest common divisor of 5 and 1635.
5
What is the greatest common divisor of 15 and 23235?
15
Calculate the greatest common divisor of 4 and 4748.
4
What is the greatest common divisor of 89 and 2?
1
Calculate the greatest common factor of 224 and 532.
28
Calculate the highest common factor of 30342 and 12.
6
What is the highest common factor of 4060 and 280?
140
Calculate the greatest common factor of 777 and 21.
21
Calculate the highest common factor of 5552 and 32.
16
Calculate the highest common factor of 6 and 3105.
3
Calculate the greatest common factor of 19 and 56.
1
Calculate the greatest common divisor of 627 and 114.
57
Calculate the greatest common divisor of 5359 and 92.
23
What is the highest common divisor of 214 and 4066?
214
Calculate the greatest common divisor of 236 and 177.
59
What is the greatest common factor of 40 and 2760?
40
Calculate the highest common divisor of 124 and 341.
31
What is the highest common divisor of 40 and 56?
8
Calculate the greatest common factor of 120 and 320.
40
What is the greatest common factor of 5916 and 34?
34
Calculate the highest common divisor of 12712 and 56.
56
What is the greatest common factor of 162 and 918?
54
Calculate the greatest common factor of 22 and 286.
22
Calculate the greatest common divisor of 56 and 176.
8
What is the highest common factor of 253 and 115?
23
What is the highest common factor of 6921 and 9?
9
What is the greatest common divisor of 646 and 152?
38
Calculate the highest common divisor of 77 and 4081.
77
Calculate the highest common factor of 11 and 473.
11
What is the highest common divisor of 2 and 8?
2
Calculate the highest common factor of 200 and 1250.
50
Calculate the highest common divisor of 5626 and 29.
29
Calculate the greatest common divisor of 6 and 3604.
2
What is the highest common divisor of 486 and 54?
54
What is the greatest common divisor of 664 and 7802?
166
What is the greatest common divisor of 1937 and 26?
13
Calculate the highest common divisor of 68 and 4012.
68
Calculate the greatest common divisor of 4541 and 209.
19
What is the greatest common divisor of 488 and 10797?
61
What is the greatest common factor of 448 and 84?
28
What is the highest common factor of 105 and 45?
15
Calculate the greatest common factor of 13915 and 115.
115
What is the greatest common factor of 2922 and 18?
6
Calculate the greatest common factor of 14796 and 18.
18
Calculate the greatest common divisor of 4 and 3.
1
Calculate the greatest common divisor of 1701 and 21.
21
What is the greatest common factor of 40 and 900?
20
Calculate the greatest common factor of 26 and 273.
13
What is the highest common divisor of 5017 and 2249?
173
Calculate the highest common factor of 10 and 230.
10
Calculate the highest common factor of 357 and 3.
3
What is the highest common divisor of 38 and 10089?
19
What is the greatest common divisor of 11 and 1320?
11
What is the greatest common divisor of 2175 and 150?
75
Calculate the greatest common divisor of 341 and 33.
11
Calculate the greatest common factor of 315 and 405.
45
Calculate the highest common divisor of 1275 and 225.
75
What is the highest common factor of 589 and 31?
31
What is the greatest common divisor of 189 and 24444?
63
Calculate the highest common divisor of 66 and 330.
66
Calculate the highest common factor of 2800 and 15.
5
Calculate the greatest common factor of 294 and 24.
6
What is the highest common factor of 41 and 4469?
41
Calculate the greatest common factor of 416 and 260.
52
Calculate the greatest common factor of 9 and 633.
3
What is the greatest common divisor of 897 and 117?
39
What is the greatest common factor of 52 and 962?
26
Calculate the greatest common divisor of 111 and 4329.
111
What is the highest common divisor of 4 and 32?
4
What is the greatest common divisor of 369 and 246?
123
What is the greatest common factor of 72 and 16248?
24
Calculate the greatest common factor of 3475 and 278.
139
Calculate the greatest common factor of 7733 and 3663.
407
Calculate the highest common divisor of 686 and 49.
49
Calculate the greatest common divisor of 1472 and 8648.
184
What is the highest common factor of 16682 and 38?
38
What is the highest common divisor of 416 and 120?
8
What is the greatest common divisor of 525 and 2037?
21
What is the greatest common factor of 258 and 18?
6
Calculate the highest common factor of 2938 and 390.
26
Calculate the greatest common divisor of 54200 and 200.
200
Calculate the highest common factor of 115 and 69.
23
Calculate the highest common factor of 23 and 19021.
23
What is the greatest common divisor of 28 and 91?
7
What is the greatest common divisor of 888 and 240?
24
What is the greatest common factor of 12 and 21?
3
What is the greatest common divisor of 112530 and 341?
341
What is the highest common factor of 182 and 364?
182
Calculate the greatest common factor of 6112 and 16.
16
Calculate the highest common divisor of 59 and 54811.
59
Calculate the greatest common factor of 384 and 24.
24
What is the highest common divisor of 2050 and 50?
50
Calculate the highest common divisor of 42 and 162.
6
What is the greatest common factor of 114 and 1178?
38
What is the highest common divisor of 9794 and 498?
166
What is the highest common factor of 642 and 6?
6
Calculate the greatest common factor of 36 and 84.
12
Calculate the highest common divisor of 88 and 748.
44
What is the highest common divisor of 62 and 6758?
62
Calculate the highest common divisor of 224 and 64.
32
What is the highest common factor of 833 and 17?
17
What is the greatest common facto